-2*c(n) - u(n). Calculate w(o).
-3
Let j = 90 - 95. Suppose -4*x + 26 = 2*u, -x + 4*u = 3*x + 4. Let a(s) = 3 - x*s - 7 + 2*s. Give a(j).
6
Let w = -15 - -4. Let t = -8 - w. Let j(c) be the third derivative of -c**4/24 + c**2. Give j(t).
-3
Let h(t) = t - 1. Let y(b) = -11*b + 15. Let l(i) = 6*h(i) + y(i). Let k(q) = -q. Let j(f) = 4*k(f) - l(f). Give j(8).
-1
Suppose -r + 15 = 1. Suppose -6*j + r = j. Let x(q) = -2*q**3 + 2*q**2 + q + 2. What is x(j)?
-4
Suppose b = 3*z + 17, -5*z + 5*b = -6*z - 27. Let v(c) = -c**3 - 6*c**2 + 6*c - 10. Give v(z).
-3
Let h(t) = -t**3 - t - 11. Let q be 4/38 - 16/152. Calculate h(q).
-11
Let c be -6*(2/(-1) + 1). Let u(z) = z - 14. Determine u(c).
-8
Let i(u) = u**3 - 2*u**2 - 3*u - 4. Let m(z) = z**2 - 5*z + 7. Let g be m(4). Determine i(g).
-4
Let o be (21/(-7))/((-6)/(-4)). Let y be (o/8)/((-5)/20). Let s(n) be the second derivative of n**3 + 2*n. Give s(y).
6
Let j(s) be the second derivative of s**8/6720 - s**7/360 + s**6/120 - s**5/60 - s**4/6 + 4*s. Let g(n) be the third derivative of j(n). What is g(6)?
-2
Let r(b) = -b**2 - 7*b + 4. Suppose -5*o + 89 - 4 = 0. Suppose -4*p + 5*d - 15 = 0, 0*p = 4*p - 3*d + o. Determine r(p).
14
Let w(c) = -23*c - 11. Let q(d) = 8*d + 4. Let u(s) = 8*q(s) + 3*w(s). Suppose 6 = 3*j + 3*j. Give u(j).
-6
Let i(x) be the third derivative of -x**6/120 + x**4/24 - 6*x**2. Give i(-2).
6
Let x(m) = m**3 - 10*m**2 + 8*m + 12. Let a be x(9). Let g(q) = 0*q**a + 3 - 2*q + 3*q**3 - 2*q**3 - 3*q**2. Give g(3).
-3
Let v(z) = 3*z**2 + z + 15. Let y(f) = f**2 + 5. Let d(r) = 4*v(r) - 11*y(r). Calculate d(-4).
5
Suppose -5*h - 21 = -2*s - 0*h, -3*s = -4*h - 28. Suppose -2*k + 2 = -s. Let z(c) = c**2 - 8*c + 4. Calculate z(k).
-11
Suppose 0 = 4*u - 15 - 1. Let c(t) = -2*t + 6*t - u*t - 3 + t. Determine c(6).
3
Let d(f) = f**2 + 3*f - 2. Let l be d(-4). Suppose 0 = 4*r + 3*r - 0*r. Suppose -t + l*t + 4 = r. Let z(q) = q**2 + 2*q - 3. Determine z(t).
5
Let a(g) be the third derivative of g**4/24 + 2*g**3/3 + 2*g**2. Let s(q) = -6*q + 1. Let d be s(1). Calculate a(d).
-1
Let x(h) = -5*h**2 - 31 + 31 - h. What is x(-1)?
-4
Let m be 165/198*(0 - 1)*-3. Let f(q) be the first derivative of m*q**2 - 5*q + 3 - 1/3*q**3. Calculate f(5).
-5
Let k(b) be the first derivative of b**7/840 - b**6/360 - b**5/120 - b**4/8 - 2*b**3/3 + 2. Let g(s) be the third derivative of k(s). Give g(0).
-3
Let n(s) = s + 4. Suppose 84 = -0*h - 12*h. Calculate n(h).
-3
Let q(v) be the first derivative of -v**2/2 - 2*v + 2. Let u be (-6)/(-27)*(7 + 2). What is q(u)?
-4
Let k be 16/4*2 - 4. Let n(q) be the second derivative of 0 + 1/2*q**2 + 1/4*q**k + 1/2*q**3 - q. Calculate n(-2).
7
Suppose 4*g + o = -g - 18, 5*g + 3*o + 14 = 0. Let f(n) = n**3 + 4*n**2 + 2*n + 3. Give f(g).
-5
Suppose 3*r + 0 = 9. Suppose 3*l = f + r + 8, 4*l = 3*f + 18. Let d(w) be the first derivative of -w**4/4 + 2*w**3/3 + w**2/2 - w + 1. Calculate d(l).
-7
Let v(i) = -i**3 + 5*i**2 - 6*i + 3. Let x be v(4). Let l(a) = a**3 + 6*a**2 + 3*a - 6. Give l(x).
4
Let o(b) = 4*b - 1. Suppose 2*h + 5 = 1. Calculate o(h).
-9
Let d(a) be the first derivative of -3*a**2 - a - 13. Calculate d(1).
-7
Let c(z) = -8*z + 5. Let u(i) = -23*i + 14. Let f(r) = 8*c(r) - 3*u(r). What is f(-2)?
-12
Suppose 8 = 4*v - 4*l, 5*v = 2*l + l + 4. Let y(i) = -2*i**3 + i**2 - 1. Calculate y(v).
2
Let w(x) = -x + 8. Suppose -4*r = -4*p - 0*p - 40, 32 = 2*r - 5*p. Give w(r).
2
Let k(o) be the third derivative of 0*o + 1/360*o**6 + 0*o**5 + 1/24*o**4 + 0 - 4*o**2 + 2/3*o**3. Let c(b) be the first derivative of k(b). Calculate c(-2).
5
Let w(r) = r + 4. Let m(g) = -5*g + 12*g - g**2 + 3 - 5. Let a be m(6). Determine w(a).
8
Suppose -5*j = 12 - 2. Let b = 4 + j. Let z(g) = b + 0 + 1 - g. Give z(-4).
7
Let n(z) = -5*z**3 - z**2 + 1. Let t be n(1). Let h(w) = w**2 + 7*w + 7. Give h(t).
-3
Let j(b) = b**2 + 5*b. Let f be j(-5). Suppose -k - 4*r + 19 = f, -k + 2*r = -1 - 0. Let v = k - 12. Let z(a) = a**3 + 5*a**2 - 2. Give z(v).
-2
Suppose o = -4*o + 5. Let d(s) = 2 + 3 - 6. Let k(p) = p + 7. Let w(r) = o*k(r) - 5*d(r). Give w(-5).
7
Let q be (-3 + 3 + -3)*1. Let p(j) be the second derivative of 0*j**2 + 1/20*j**5 + j + 1/12*j**4 + 0 - 2/3*j**3. Calculate p(q).
-6
Let c(l) be the second derivative of -1/12*l**4 + 0*l**2 + 3*l - 1/3*l**3 + 0. Let h be 4*(15/6)/5. What is c(h)?
-8
Suppose -13*x - 35 - 4 = 0. Let a(v) = v**3 + 4*v**2 + 5*v + 2. Determine a(x).
-4
Let u(v) = -6*v + 4*v - v**2 + 4 + 5*v**2 + 1 - v**3. Give u(4).
-3
Let m(w) = 11*w - 59*w**2 - 72*w**2 - 1 - w**3 + 141*w**2. Give m(11).
-1
Let f(p) be the first derivative of 2/3*p**3 - p + 3 + 0*p**2 - 5/2*p**4. What is f(1)?
-9
Suppose c + 14 = 10. Let f(r) = -r**2 - 6*r - 6. Give f(c).
2
Let g(f) be the third derivative of f**6/120 + f**5/15 + f**4/8 - f**2. Let y = 0 + 3. Suppose -i - 1 = y*o - 4*o, o - 7 = 3*i. What is g(o)?
2
Let x(b) be the first derivative of b**4/4 - 5*b**3/3 - 4*b**2 + 7*b - 1. Suppose 0*p + 2*a + 6 = p, -5*a + 30 = 5*p. Calculate x(p).
-5
Let v(y) = -2*y**2 + 50*y + y**2 - 49*y + 12. What is v(0)?
12
Suppose 4*d - 3*l = -d - 19, -17 = 3*d + l. Let g(n) = 9 + n**3 - 2*n**3 - 5*n**2 - 8. Give g(d).
1
Let x = 292 + -290. Let i(y) be the second derivative of y**5/20 - y**4/12 - y**3/3 - y**2/2 + y. Determine i(x).
-1
Let z(i) = 3*i + 8. Let j(a) = 4*a - 8. Let v(b) = -b + 1. Let y(u) = -j(u) - 5*v(u). Let f(d) = -8*y(d) + 3*z(d). What is f(0)?
0
Let p = -21 - -32. Let m(q) = 2*q**3 + 2*q**2 + q - 4. Let n(f) = f**3 + f**2 + f - 2. Let w(j) = p*n(j) - 6*m(j). Let z = -4 + 1. What is w(z)?
5
Let x = -6 + 11. Let r(p) = -p - 6*p - 1 + x*p + 0 + 2*p**3. Let g = -9 - -8. Determine r(g).
-1
Let u = -3 - -1. Let t be ((-4)/(-2) - 3)*u. Let k(x) = -x**3 + 6*x**2 - 4*x + 2. Give k(t).
10
Let f(b) = 2*b + 3. Let t(z) = -z + 8. Let a(c) = -5*c + 2. Let l be a(-2). Let w be t(l). Calculate f(w).
-5
Let p(i) = i**3 + 6*i**2 + 7*i + 1. Let g(q) = 2*q**3 + 3*q**2 + q + 1. Let y be g(-2). Give p(y).
-9
Let h(g) = g - 7. Let y(u) = -6*u**2 - 1. Let s be y(-1). Let f = s + 12. What is h(f)?
-2
Let r(l) = 2*l**2 + 9*l. Let k(p) = -p**2 - 5*p. Let h(n) = -11*k(n) - 6*r(n). Let x(v) = -10*v + 20. Let s be x(2). Give h(s).
0
Let f = 85 - 88. Let b(x) = 3*x**2 + 2*x. Determine b(f).
21
Let b(v) = 2*v - 2*v + v + 7. Let z(m) = m**3 + 3*m**2 - 4*m - 4. Suppose g - 5*t + 0*t + 19 = 0, -4*g - 4*t - 4 = 0. Let i be z(g). Calculate b(i).
3
Let h(k) = 2 + 3*k**3 - 2*k - 2*k**3 - 3*k**2 - 3. Suppose -8 = 6*v + 4. Let q be (1/v)/(7/(-42)). Determine h(q).
-7
Let c be 26/7 - (-16)/56. Let s(n) = n**2 - 3*n - 5. Determine s(c).
-1
Let l(g) = g**2 - 14*g + 3. Let j be l(14). Suppose 3*z + 9 = -3*u, -j*z + 1 = -2*u - 0*u. Let b(o) = -o**2. Determine b(z).
-1
Let w(k) be the second derivative of -k**5/120 - k**4/12 + k**3/3 - k. Let v(x) be the second derivative of w(x). Calculate v(-5).
3
Let a(p) = p**2 - p + 1. Let r(u) = 7*u**2 - 5*u + 15. Let h(o) = -6*a(o) + r(o). Suppose 3*c + 8 = -2*v, 2*v + 2 + 6 = 0. Determine h(c).
9
Suppose -n + 3 = -0. Let i = n - 0. Suppose 3*j - z - 1 = 0, -i*j + 0*z - 3*z - 3 = 0. Let c(v) = v + 7. Calculate c(j).
7
Let f(n) be the first derivative of -2*n**2 + 0*n + 2 - 1/3*n**3. Let y(l) = -2*l + 13. Let d be y(9). Calculate f(d).
-5
Suppose 3*u = 5*u - 8. Let b be 558/(-24) - 6/8. Let l be (-2)/(b/15)*u. Let m(t) = t**3 - 5*t**2 + 2*t - 5. Determine m(l).
5
Let q(m) be the first derivative of 4*m**2 + 0 - 2 - 5*m**2 + 2*m. Calculate q(3).
-4
Let w(u) = 3*u + 2. Let i(m) = 13*m + 9. Let j(n) = 2*i(n) - 9*w(n). Give j(6).
-6
Let z = -20 - -23. Let p(f) = f - 4. Give p(z).
-1
Let w(t) = -t + 1. Let l be w(6). Let s(b) be the first derivative of 7*b**2/2 + 14*b + 3. Let d(y) = 5*y + 9. Let j(u) = l*s(u) + 8*d(u). What is j(-2)?
-8
Suppose -p = -0 + 4. Let w = -2 - p. Let c(q) = -q**w + 5 + 0*q**2 - 4 - 2*q. Determine c(-4).
-7
Let b(u) be the third derivative of 13*u**5/60 - u**4/24 + 7*u**3/2 + 4*u**2. Let q(p) = 3*p**2 + 5. Let y(z) = 2*b(z) - 9*q(z). What is y(-4)?
-11
Let a(d) = 2*d - d - d + 1 + 2*d**2 + 2*d. What is a(-2)?
5
Let u(h) = h**2 + 4*h + 2. Let a(x) = x**2 + 4*x + 1. Let r(l) = 4*a(l) - 5*u(l). What is r(-4)?
-6
Let i(b) = -13*b - 1. Let w be (-2)/((-5)/(45/(-6))). Let a(q) = -7*q. Let k(